prime factors of n?
2, 3, 5
Let a(u) = -u**3 - 4*u**2 - 3*u. Let m(j) = -j. Let q be m(-3). Suppose 20 = -2*t - q*i, 4*t - 5*i - 5 = -1. List the prime factors of a(t).
2, 3
Let j(u) = 2*u**2 - 18*u + 15. What are the prime factors of j(13)?
7, 17
Suppose 4*s = 11 + 13. Suppose 2*p = -w + 22, w = -p + s*w. What are the prime factors of p?
2, 5
Suppose -5*m = d + 3, -5*m + 0 - 7 = -d. Let w(g) = -63*g + 1. Let o be w(m). Suppose 0 = -5*r + r + o. What are the prime factors of r?
2
Suppose 3*v - 4*f = 28, -f = -2*f - 4. Suppose 4 = 2*u + v*z, 3*z = 5*u - 8 - 2. What are the prime factors of u?
2
Let r(w) be the third derivative of 3*w**4/8 - 2*w**3/3 + 2*w**2. List the prime factors of r(4).
2
Let b be 3 + 0/(1 - 2). Let p be ((-1 - -6) + 0)*1. Suppose -b*t - 10 = -p*t. List the prime factors of t.
5
List the prime factors of 112 - (7 - 4 - 4).
113
Let a = -61 + 41. What are the prime factors of (8/a)/(3/(-240))?
2
Suppose 0 = -3*g + 3 + 3. Suppose 4*j - 13 = 2*b + 45, -g*b - 10 = -j. List the prime factors of j.
2
Let x = -1 - -4. Suppose -1 - 41 = -x*s. List the prime factors of (-4)/s - 107/(-7).
3, 5
Let i(r) = r. Let f(t) = t - 2. Let l(z) = z - 1. Let k(h) = -6*f(h) + 15*l(h). Let c(m) = -4*i(m) + k(m). What are the prime factors of c(2)?
7
Let u(k) = -k**3 + k**2 + k + 8. Let q be u(0). Suppose -n + 3*n + 4*v - q = 0, -2*n + 3*v = -36. List the prime factors of n.
2, 3
Let m be ((-4)/3 - 0)*18. Let n = -8 - m. List the prime factors of n.
2
Let r(o) be the third derivative of o**6/360 - o**4/24 + o**2. Let k(j) be the second derivative of r(j). What are the prime factors of k(5)?
2, 5
Suppose -3*x + 2*c + 71 = 0, 2*x + x - c - 67 = 0. Let g = 35 - x. What are the prime factors of g?
2, 7
Suppose 4*c - 2*c = 6. Suppose -3 - 18 = -c*q. List the prime factors of q.
7
Suppose -27 = 4*p - 7. List the prime factors of 5/p*(-43 + 1).
2, 3, 7
Suppose 2*r + 0 = 18. Let i(p) = -2*p - r*p + 4*p**3 + 15 - 9*p**2 - 3*p**3. What are the prime factors of i(10)?
5
Suppose 3*f - 7*f = -212. What are the prime factors of f?
53
Suppose -3*x + 37 = -h, 5*x - 2*x - 2*h - 41 = 0. What are the prime factors of x?
11
Let z(m) = 12*m**2 + 3*m + 1. Let t be z(-2). Let r = t + -30. List the prime factors of r.
13
Let n be -3 + ((-11)/(-1) - 0). Suppose n*t - 3*h = 3*t + 145, 93 = 3*t - 3*h. List the prime factors of t.
2, 13
Let p = -4 - -11. List the prime factors of p.
7
Let x(o) = -o**3 - 11*o**2 + 10*o - 17. Suppose -4*q + 12 = -5*q. What are the prime factors of x(q)?
7
Suppose -3*l - 1 = -31. Suppose -y - 3 = -5*q + l, 2*q + 2 = y. What are the prime factors of y?
2, 3
Let m = 174 - 110. What are the prime factors of m?
2
Suppose -10 = -4*u + 6. Suppose -2*y = -u*m + 3*y + 188, -4*m = 4*y - 152. What are the prime factors of m?
2, 3, 7
Suppose 1 = 2*f - 3. List the prime factors of f.
2
Let s be 122/6*(-15)/(-5). Suppose 0 = -3*v + 50 + s. What are the prime factors of v?
37
Suppose 0*u - u = 4*y, 5*u = -4*y + 16. Let x be -12 + (-2 + y)/1. Let a = x + 25. What are the prime factors of a?
2, 5
Suppose -4*j + 0*j = b - 136, 4*b - 649 = 5*j. What are the prime factors of b?
2, 3, 13
What are the prime factors of (-6)/(27/12 - 3)?
2
Let k(w) = -w + 10. Let b be k(11). Let h be b*2*(-26)/(-2). What are the prime factors of (-1)/4 + h/(-8)?
3
Suppose -5*k - 6*b + b + 45 = 0, 3 = -k + 5*b. Suppose 4*w - k = -3*s + 3*w, -5*s = -4*w - 6. List the prime factors of s.
2
Suppose -10*s + 7*s = 12. Let x = s + 6. What are the prime factors of x?
2
Let i be 3/(-1 + (-21)/(-12)). Suppose i = -n + 1. What are the prime factors of (-29)/n - 2/3?
3
Suppose -h = -5*h - 4. Let r(y) = -10*y**3 + y**2 - y - 1. Let w be r(h). List the prime factors of -4 + 2 + (w - 1).
2
Suppose -3*k - 6 = -2*k. Let y(p) be the first derivative of -p**3/3 - 4*p**2 - 8*p + 1. What are the prime factors of y(k)?
2
Let n be 2/(2/(-5))*-1. Suppose 136 = 4*c - 4*d, -n*d - 31 = -c - d. Suppose -r - 4*r + c = 0. List the prime factors of r.
7
Let q(m) = 58*m**2 - m + 2. List the prime factors of q(1).
59
Let w(c) = c**2 - 1. Let o be w(0). What are the prime factors of o + -1 - (1 + -5)?
2
Suppose 0*j = j. Let d = -6 + 9. Let i = j + d. What are the prime factors of i?
3
Let t = 184 + -119. Suppose 4*s - t - 67 = 0. What are the prime factors of s?
3, 11
Suppose -b = -0*b - 50. List the prime factors of b.
2, 5
Suppose -3*h + 3 = 3*x - 0*x, -4*h - 5*x + 2 = 0. Suppose h*n - 28 = n. What are the prime factors of n?
2, 7
Suppose -5*j + 2431 = 8*j. What are the prime factors of j?
11, 17
Let i = 26 - 11. Suppose 0*d = -h - 3*d, -i = 4*h - 3*d. List the prime factors of (-82)/(-12) + h/(-18).
7
Let t be 2/8*-2*0. Suppose t = -2*l - 0*l + 8. Suppose 0*b + l*b - 28 = 0. What are the prime factors of b?
7
Let j be 33/9 - 1/(-3). Suppose v + j*v - 5*a = 45, -2*a - 3 = v. What are the prime factors of v?
5
Suppose p + 5 = a - 14, 0 = -3*a + p + 65. Suppose 4*k - a = 21. List the prime factors of k.
11
Suppose 5*l = -14 + 74. List the prime factors of l*(-4)/((-8)/5).
2, 3, 5
Let o be (-11 - (-3 - -1)) + -1. Let j be o*1/(-4)*2. List the prime factors of (-3)/((3/j)/(-3)).
3, 5
Let a be 2/(-4)*(-3 + 5). Let v(f) = 10*f**3 + 2*f + 1. Let b be v(a). Let t = b - -21. What are the prime factors of t?
2, 5
Suppose 0*f - 2*f = -k - 158, -f = -3*k - 74. List the prime factors of f.
2, 5
Let r be (-2)/(-4)*(2 - 20). Let v = -2 - r. What are the prime factors of v?
7
Suppose 3*w = 4*w - 7. Let b = w + -11. What are the prime factors of (-1 - b)/(9/12)?
2
Let a(h) = -4*h - 5. Let c(k) = -k**3 - 7*k**2 - 6*k - 5. Let i be c(-6). What are the prime factors of a(i)?
3, 5
Suppose 2*r - 5*r + 75 = 0. Let d = 1 - -3. Suppose a + d*b = r, 2*a - 2 = 3*b + b. What are the prime factors of a?
3
Let b = -4 + 9. Let v = b - -9. List the prime factors of v.
2, 7
Let y(z) = 2*z**2 + 1. What are the prime factors of y(3)?
19
Suppose -6*k + 992 + 58 = 0. List the prime factors of k.
5, 7
Let b(g) be the third derivative of g**4/24 + 2*g**3 + 3*g**2. Let n be b(0). Suppose -3*m - n = -5*m. List the prime factors of m.
2, 3
Let j be -8*(5/(-4))/1. Suppose 2*i + j = 7*i. List the prime factors of i.
2
Suppose -m = -4*t - 110, -m + 58 = -t - 43. What are the prime factors of m?
2, 7
Let d = 0 - -2. Suppose -k + 33 = d*k. Suppose -m + 2 = -o - 0*o, 0 = -m - 2*o + k. What are the prime factors of m?
5
Let r = -15 + 17. What are the prime factors of r?
2
Let j be (15/35)/((-3)/(-21)). Suppose -4 = -5*f - 3*w + w, -j*w = 9. What are the prime factors of f?
2
Suppose -46 - 29 = -3*v. Let b = v + -17. Suppose 0 = 2*j - 0*j - b. List the prime factors of j.
2
Suppose 20 = 2*n + 2*n. Suppose 0 = -3*m - z - z + 73, 0 = m - n*z - 30. List the prime factors of m.
5
What are the prime factors of (-5)/((-168)/(-172) - 1)?
5, 43
Let i be 1 + -4 + (-104)/(-2). Let u = i - 33. What are the prime factors of u?
2
Let b(t) = -3*t**2 + t - 2*t**3 - 2*t - 2*t**3 - 2 + 5*t**3. What are the prime factors of b(4)?
2, 5
Suppose 0 = 2*q + 4*w - 0*w - 4, 2 = q + w. Suppose q*f + 52 = -2*f. Let d = f - -23. List the prime factors of d.
2, 5
Suppose 4*t - t - 3 = 0. What are the prime factors of 2/t + (-4)/(-2)?
2
Let f be 0/(-5) + 0 + 1. Let r be 3/1*(-1)/(-3). List the prime factors of r/(f*(-3)/(-21)).
7
Suppose -14*a = -9*a - 155. What are the prime factors of a?
31
Suppose 1 = -l - 97. Let p = 152 + l. What are the prime factors of p?
2, 3
Let h = 2 + -2. Suppose c - 6 - 1 = h. List the prime factors of c.
7
Let m(w) = 22*w - 32. List the prime factors of m(7).
2, 61
What are the prime factors of ((-12)/3)/(-2) + 15?
17
Let r be (-4 - (-2 - -1))*-1. Suppose k - 36 = -10. Suppose r*u = -s + k, -43 = -4*u - 3*s - 0*s. What are the prime factors of u?
7
Let s be (-4*3/(-6))/1. Suppose 4*x + 8 = 0, x = 5*l + s*x - 178. List the prime factors of l.
2, 3
Suppose -4*r = -6*r - 2*y + 90, 0 = -5*r + 4*y + 189. List the prime factors of r.
41
Suppose -2*a - 8 = -3*y, 3*y = -2*a - 2*a + 38. Let j = 11 - y. What are the prime factors of j?
5
Suppose -4*m + 2*m + 72 = 0. Suppose 2*l = -2*l + m. What are the prime factors of l?
3
Let g(r) = 4*r - 8. Let f be g(7). Suppose -y - y = -f. List the prime factors of y.
2, 5
Suppose -44 - 4 = 3*s. Let u = 3 - 4. List the prime factor